alculate the remainder when 202 is divided by 69.
64
What is the remainder when 1081 is divided by 29?
8
Calculate the remainder when 322 is divided by 13.
10
What is the remainder when 50 is divided by 7?
1
What is the remainder when 159 is divided by 28?
19
What is the remainder when 1345 is divided by 71?
67
Calculate the remainder when 79 is divided by 40.
39
Calculate the remainder when 3777 is divided by 36.
33
What is the remainder when 275 is divided by 56?
51
What is the remainder when 260 is divided by 78?
26
What is the remainder when 53 is divided by 50?
3
What is the remainder when 1480 is divided by 137?
110
Calculate the remainder when 515 is divided by 103.
0
Calculate the remainder when 286 is divided by 14.
6
Calculate the remainder when 121 is divided by 48.
25
Calculate the remainder when 74 is divided by 24.
2
Calculate the remainder when 347 is divided by 70.
67
Calculate the remainder when 1651 is divided by 29.
27
What is the remainder when 398 is divided by 7?
6
What is the remainder when 4258 is divided by 30?
28
What is the remainder when 159 is divided by 34?
23
What is the remainder when 2874 is divided by 144?
138
What is the remainder when 169 is divided by 46?
31
Calculate the remainder when 605 is divided by 74.
13
Calculate the remainder when 539 is divided by 183.
173
Calculate the remainder when 1679 is divided by 8.
7
Calculate the remainder when 121 is divided by 6.
1
Calculate the remainder when 9 is divided by 2.
1
Calculate the remainder when 108 is divided by 2.
0
Calculate the remainder when 4147 is divided by 83.
80
What is the remainder when 7591 is divided by 3791?
9
What is the remainder when 103 is divided by 64?
39
What is the remainder when 1437 is divided by 48?
45
Calculate the remainder when 1398 is divided by 36.
30
Calculate the remainder when 179 is divided by 90.
89
Calculate the remainder when 1008 is divided by 5.
3
Calculate the remainder when 255 is divided by 239.
16
What is the remainder when 10 is divided by 9?
1
What is the remainder when 266 is divided by 78?
32
What is the remainder when 2287 is divided by 176?
175
What is the remainder when 74 is divided by 49?
25
Calculate the remainder when 318 is divided by 20.
18
Calculate the remainder when 133 is divided by 35.
28
What is the remainder when 11 is divided by 9?
2
Calculate the remainder when 7841 is divided by 37.
34
What is the remainder when 2119 is divided by 118?
113
What is the remainder when 841 is divided by 208?
9
Calculate the remainder when 99 is divided by 32.
3
What is the remainder when 101 is divided by 46?
9
Calculate the remainder when 4311 is divided by 77.
76
Calculate the remainder when 486 is divided by 151.
33
Calculate the remainder when 29 is divided by 4.
1
Calculate the remainder when 637 is divided by 71.
69
Calculate the remainder when 1422 is divided by 473.
3
What is the remainder when 1487 is divided by 56?
31
Calculate the remainder when 3883 is divided by 1293.
4
Calculate the remainder when 813 is divided by 204.
201
What is the remainder when 321 is divided by 54?
51
What is the remainder when 167 is divided by 13?
11
What is the remainder when 648 is divided by 93?
90
Calculate the remainder when 1210 is divided by 7.
6
Calculate the remainder when 3359 is divided by 32.
31
What is the remainder when 170 is divided by 43?
41
What is the remainder when 68 is divided by 25?
18
What is the remainder when 19 is divided by 7?
5
Calculate the remainder when 418 is divided by 35.
33
Calculate the remainder when 220 is divided by 74.
72
Calculate the remainder when 8340 is divided by 86.
84
What is the remainder when 236 is divided by 16?
12
Calculate the remainder when 258 is divided by 20.
18
What is the remainder when 596 is divided by 36?
20
Calculate the remainder when 43 is divided by 11.
10
Calculate the remainder when 381 is divided by 361.
20
Calculate the remainder when 61 is divided by 11.
6
Calculate the remainder when 469 is divided by 68.
61
Calculate the remainder when 1898 is divided by 100.
98
What is the remainder when 183 is divided by 91?
1
What is the remainder when 194 is divided by 66?
62
What is the remainder when 6799 is divided by 179?
176
What is the remainder when 243 is divided by 82?
79
What is the remainder when 132 is divided by 7?
6
What is the remainder when 6415 is divided by 60?
55
What is the remainder when 70 is divided by 59?
11
Calculate the remainder when 76 is divided by 35.
6
What is the remainder when 152 is divided by 32?
24
Calculate the remainder when 1392 is divided by 45.
42
What is the remainder when 282 is divided by 3?
0
Calculate the remainder when 331 is divided by 32.
11
Calculate the remainder when 22 is divided by 14.
8
What is the remainder when 452 is divided by 114?
110
What is the remainder when 347 is divided by 35?
32
Calculate the remainder when 132 is divided by 30.
12
Calculate the remainder when 778 is divided by 57.
37
Calculate the remainder when 4262 is divided by 138.
122
Calculate the remainder when 637 is divided by 64.
61
What is the remainder when 3489 is divided by 18?
15
What is the remainder when 2520 is divided by 192?
24
Calculate the remainder when 1723 is divided by 15.
13
Calculate the remainder when 844 is divided by 77.
74
What is the remainder when 345 is divided by 70?
65
What is the remainder when 2274 is divided by 11?
8
Calculate the remainder when 265 is divided by 19.
18
What is the remainder when 1487 is divided by 1487?
0
What is the remainder when 67 is divided by 19?
10
Calculate the remainder when 2701 is divided by 82.
77
Calculate the remainder when 1242 is divided by 19.
7
Calculate the remainder when 2504 is divided by 14.
12
What is the remainder when 1095 is divided by 74?
59
What is the remainder when 34 is divided by 12?
10
Calculate the remainder when 434 is divided by 29.
28
What is the remainder when 3761 is divided by 48?
17
Calculate the remainder when 2277 is divided by 12.
9
Calculate the remainder when 969 is divided by 23.
3
Calculate the remainder when 219 is divided by 22.
21
What is the remainder when 41 is divided by 2?
1
Calculate the remainder when 16 is divided by 5.
1
What is the remainder when 53 is divided by 48?
5
Calculate the remainder when 190 is divided by 60.
10
What is the remainder when 238 is divided by 236?
2
What is the remainder when 592 is divided by 33?
31
Calculate the remainder when 10500 is divided by 59.
57
Calculate the remainder when 278 is divided by 146.
132
Calculate the remainder when 54 is divided by 50.
4
Calculate the remainder when 316 is divided by 33.
19
What is the remainder when 8967 is divided by 20?
7
Calculate the remainder when 1181 is divided by 3.
2
What is the remainder when 89 is divided by 88?
1
What is the remainder when 253 is divided by 8?
5
Calculate the remainder when 32 is divided by 11.
10
Calculate the remainder when 467 is divided by 59.
54
What is the remainder when 1209 is divided by 252?
201
What is the remainder when 213 is divided by 36?
33
Calculate the remainder when 1201 is divided by 84.
25
Calculate the remainder when 103 is divided by 33.
4
Calculate the remainder when 114 is divided by 35.
9
What is the remainder when 7829 is divided by 30?
29
Calculate the remainder when 857 is divided by 15.
2
What is the remainder when 19519 is divided by 81?
79
What is the remainder when 73 is divided by 57?
16
Calculate the remainder when 78 is divided by 20.
18
What is the remainder when 1546 is divided by 219?
13
What is the remainder when 516 is divided by 37?
35
Calculate the remainder when 3060 is divided by 1009.
33
What is the remainder when 1080 is divided by 66?
24
Calculate the remainder when 58 is divided by 47.
11
Calculate the remainder when 88 is divided by 6.
4
What is the remainder when 111 is divided by 27?
3
Calculate the remainder when 2016 is divided by 112.
0
Calculate the remainder when 282 is divided by 71.
69
Calculate the remainder when 177 is divided by 30.
27
Calculate the remainder when 46 is divided by 19.
8
Calculate the remainder when 1328 is divided by 45.
23
What is the remainder when 135 is divided by 36?
27
What is the remainder when 2377 is divided by 140?
137
What is the remainder wh